{"id":612,"date":"2016-03-07T03:11:04","date_gmt":"2016-03-07T03:11:04","guid":{"rendered":"http:\/\/themesgavias.com\/wp\/winnex\/?page_id=612"},"modified":"2020-02-11T11:12:18","modified_gmt":"2020-02-11T10:12:18","slug":"uber-uns","status":"publish","type":"page","link":"https:\/\/buyexpress.eu\/index.php\/uber-uns\/","title":{"rendered":"\u00dcber Uns"},"content":{"rendered":"<p>[vc_row row_space=&#8221;remove_padding&#8221; isfullwidth=&#8221;&#8221; css=&#8221;.vc_custom_1539588804561{padding-bottom: 20px !important;}&#8221;][vc_column][gva_block_heading title=&#8221;\u00dcber Uns&#8221; style=&#8221;style-2&#8243; align=&#8221;align-left&#8221;][vc_column_text]Unsere Mitarbeiter sind seit \u00fcber 30 Jahren am Markt und verf\u00fcgen \u00fcber viele technische und produkttechnische Spezialkenntnisse ! Dies kommt Ihnen auch beim Ankauf Ihrer Artikel zugute. \u00dcber das Formular auf der Startseite oder per E-Mail k\u00f6nnen Sie Ihre nicht mehr ben\u00f6tigten Verbrauchsmaterialien oder auch technischen Teile anbieten und erhalten daf\u00fcr ein Angebot von uns. Wichtig daf\u00fcr ist die spezifische Artikelnummer um die Ware richtig bestimmen zu k\u00f6nnen, falls Sie nicht sicher sein sollten um was es sich dabei handelt. Damit ersparen Sie sich auch langes Warten und Diskussionen mit potentiellen K\u00e4ufern auf diversen Verkaufsplattformen oder aber eventuelle Entsorgungskosten f\u00fcr Sonderm\u00fcll, falls Sie die Ware nicht los werden.<\/p>\n<p>Also worauf warten Sie ? Schicken Sie uns umgehend Ihr Angebot ![\/vc_column_text][\/vc_column][\/vc_row]<\/p>\n","protected":false},"excerpt":{"rendered":"<p>[vc_row row_space=&#8221;remove_padding&#8221; isfullwidth=&#8221;&#8221; css=&#8221;.vc_custom_1539588804561{padding-bottom: 20px !important;}&#8221;][vc_column][gva_block_heading title=&#8221;\u00dcber Uns&#8221; style=&#8221;style-2&#8243; align=&#8221;align-left&#8221;][vc_column_text]Unsere Mitarbeiter sind seit \u00fcber 30 Jahren am Markt und verf\u00fcgen \u00fcber viele technische und produkttechnische Spezialkenntnisse ! Dies kommt Ihnen auch beim Ankauf Ihrer Artikel zugute. \u00dcber das Formular auf der Startseite oder per E-Mail k\u00f6nnen Sie Ihre nicht mehr ben\u00f6tigten Verbrauchsmaterialien oder auch technischen [&hellip;]<\/p>\n","protected":false},"author":1,"featured_media":0,"parent":0,"menu_order":0,"comment_status":"closed","ping_status":"closed","template":"","meta":{"footnotes":""},"class_list":["post-612","page","type-page","status-publish","hentry"],"yoast_head":"<!-- This site is optimized with the Yoast SEO plugin v27.5 - https:\/\/yoast.com\/product\/yoast-seo-wordpress\/ -->\n<title>\u00dcber Uns - Buy Express<\/title>\n<meta name=\"robots\" content=\"index, follow, max-snippet:-1, max-image-preview:large, max-video-preview:-1\" \/>\n<link rel=\"canonical\" href=\"https:\/\/buyexpress.eu\/index.php\/uber-uns\/\" \/>\n<meta property=\"og:locale\" content=\"en_GB\" \/>\n<meta property=\"og:type\" content=\"article\" \/>\n<meta property=\"og:title\" content=\"\u00dcber Uns - Buy Express\" \/>\n<meta property=\"og:description\" content=\"[vc_row row_space=&#8221;remove_padding&#8221; isfullwidth=&#8221;&#8221; css=&#8221;.vc_custom_1539588804561{padding-bottom: 20px !important;}&#8221;][vc_column][gva_block_heading title=&#8221;\u00dcber Uns&#8221; style=&#8221;style-2&#8243; align=&#8221;align-left&#8221;][vc_column_text]Unsere Mitarbeiter sind seit \u00fcber 30 Jahren am Markt und verf\u00fcgen \u00fcber viele technische und produkttechnische Spezialkenntnisse ! Dies kommt Ihnen auch beim Ankauf Ihrer Artikel zugute. \u00dcber das Formular auf der Startseite oder per E-Mail k\u00f6nnen Sie Ihre nicht mehr ben\u00f6tigten Verbrauchsmaterialien oder auch technischen [&hellip;]\" \/>\n<meta property=\"og:url\" content=\"https:\/\/buyexpress.eu\/index.php\/uber-uns\/\" \/>\n<meta property=\"og:site_name\" content=\"Buy Express\" \/>\n<meta property=\"article:modified_time\" content=\"2020-02-11T10:12:18+00:00\" \/>\n<meta name=\"twitter:card\" content=\"summary_large_image\" \/>\n<meta name=\"twitter:label1\" content=\"Estimated reading time\" \/>\n\t<meta name=\"twitter:data1\" content=\"1 minute\" \/>\n<script type=\"application\/ld+json\" class=\"yoast-schema-graph\">{\"@context\":\"https:\\\/\\\/schema.org\",\"@graph\":[{\"@type\":\"WebPage\",\"@id\":\"https:\\\/\\\/buyexpress.eu\\\/index.php\\\/uber-uns\\\/\",\"url\":\"https:\\\/\\\/buyexpress.eu\\\/index.php\\\/uber-uns\\\/\",\"name\":\"\u00dcber Uns - Buy Express\",\"isPartOf\":{\"@id\":\"https:\\\/\\\/buyexpress.eu\\\/#website\"},\"datePublished\":\"2016-03-07T03:11:04+00:00\",\"dateModified\":\"2020-02-11T10:12:18+00:00\",\"breadcrumb\":{\"@id\":\"https:\\\/\\\/buyexpress.eu\\\/index.php\\\/uber-uns\\\/#breadcrumb\"},\"inLanguage\":\"en-GB\",\"potentialAction\":[{\"@type\":\"ReadAction\",\"target\":[\"https:\\\/\\\/buyexpress.eu\\\/index.php\\\/uber-uns\\\/\"]}]},{\"@type\":\"BreadcrumbList\",\"@id\":\"https:\\\/\\\/buyexpress.eu\\\/index.php\\\/uber-uns\\\/#breadcrumb\",\"itemListElement\":[{\"@type\":\"ListItem\",\"position\":1,\"name\":\"Home\",\"item\":\"https:\\\/\\\/buyexpress.eu\\\/\"},{\"@type\":\"ListItem\",\"position\":2,\"name\":\"\u00dcber Uns\"}]},{\"@type\":\"WebSite\",\"@id\":\"https:\\\/\\\/buyexpress.eu\\\/#website\",\"url\":\"https:\\\/\\\/buyexpress.eu\\\/\",\"name\":\"Buy Express\",\"description\":\"WIR KAUFEN IHREN TONER\",\"publisher\":{\"@id\":\"https:\\\/\\\/buyexpress.eu\\\/#organization\"},\"potentialAction\":[{\"@type\":\"SearchAction\",\"target\":{\"@type\":\"EntryPoint\",\"urlTemplate\":\"https:\\\/\\\/buyexpress.eu\\\/?s={search_term_string}\"},\"query-input\":{\"@type\":\"PropertyValueSpecification\",\"valueRequired\":true,\"valueName\":\"search_term_string\"}}],\"inLanguage\":\"en-GB\"},{\"@type\":\"Organization\",\"@id\":\"https:\\\/\\\/buyexpress.eu\\\/#organization\",\"name\":\"BUYEXPRESS s.r.o.\",\"url\":\"https:\\\/\\\/buyexpress.eu\\\/\",\"logo\":{\"@type\":\"ImageObject\",\"inLanguage\":\"en-GB\",\"@id\":\"https:\\\/\\\/buyexpress.eu\\\/#\\\/schema\\\/logo\\\/image\\\/\",\"url\":\"https:\\\/\\\/buyexpress.eu\\\/wp-content\\\/uploads\\\/2015\\\/12\\\/logo_buy.png\",\"contentUrl\":\"https:\\\/\\\/buyexpress.eu\\\/wp-content\\\/uploads\\\/2015\\\/12\\\/logo_buy.png\",\"width\":662,\"height\":173,\"caption\":\"BUYEXPRESS s.r.o.\"},\"image\":{\"@id\":\"https:\\\/\\\/buyexpress.eu\\\/#\\\/schema\\\/logo\\\/image\\\/\"}}]}<\/script>\n<!-- \/ Yoast SEO plugin. -->","yoast_head_json":{"title":"\u00dcber Uns - Buy Express","robots":{"index":"index","follow":"follow","max-snippet":"max-snippet:-1","max-image-preview":"max-image-preview:large","max-video-preview":"max-video-preview:-1"},"canonical":"https:\/\/buyexpress.eu\/index.php\/uber-uns\/","og_locale":"en_GB","og_type":"article","og_title":"\u00dcber Uns - Buy Express","og_description":"[vc_row row_space=&#8221;remove_padding&#8221; isfullwidth=&#8221;&#8221; css=&#8221;.vc_custom_1539588804561{padding-bottom: 20px !important;}&#8221;][vc_column][gva_block_heading title=&#8221;\u00dcber Uns&#8221; style=&#8221;style-2&#8243; align=&#8221;align-left&#8221;][vc_column_text]Unsere Mitarbeiter sind seit \u00fcber 30 Jahren am Markt und verf\u00fcgen \u00fcber viele technische und produkttechnische Spezialkenntnisse ! Dies kommt Ihnen auch beim Ankauf Ihrer Artikel zugute. \u00dcber das Formular auf der Startseite oder per E-Mail k\u00f6nnen Sie Ihre nicht mehr ben\u00f6tigten Verbrauchsmaterialien oder auch technischen [&hellip;]","og_url":"https:\/\/buyexpress.eu\/index.php\/uber-uns\/","og_site_name":"Buy Express","article_modified_time":"2020-02-11T10:12:18+00:00","twitter_card":"summary_large_image","twitter_misc":{"Estimated reading time":"1 minute"},"schema":{"@context":"https:\/\/schema.org","@graph":[{"@type":"WebPage","@id":"https:\/\/buyexpress.eu\/index.php\/uber-uns\/","url":"https:\/\/buyexpress.eu\/index.php\/uber-uns\/","name":"\u00dcber Uns - Buy Express","isPartOf":{"@id":"https:\/\/buyexpress.eu\/#website"},"datePublished":"2016-03-07T03:11:04+00:00","dateModified":"2020-02-11T10:12:18+00:00","breadcrumb":{"@id":"https:\/\/buyexpress.eu\/index.php\/uber-uns\/#breadcrumb"},"inLanguage":"en-GB","potentialAction":[{"@type":"ReadAction","target":["https:\/\/buyexpress.eu\/index.php\/uber-uns\/"]}]},{"@type":"BreadcrumbList","@id":"https:\/\/buyexpress.eu\/index.php\/uber-uns\/#breadcrumb","itemListElement":[{"@type":"ListItem","position":1,"name":"Home","item":"https:\/\/buyexpress.eu\/"},{"@type":"ListItem","position":2,"name":"\u00dcber Uns"}]},{"@type":"WebSite","@id":"https:\/\/buyexpress.eu\/#website","url":"https:\/\/buyexpress.eu\/","name":"Buy Express","description":"WIR KAUFEN IHREN TONER","publisher":{"@id":"https:\/\/buyexpress.eu\/#organization"},"potentialAction":[{"@type":"SearchAction","target":{"@type":"EntryPoint","urlTemplate":"https:\/\/buyexpress.eu\/?s={search_term_string}"},"query-input":{"@type":"PropertyValueSpecification","valueRequired":true,"valueName":"search_term_string"}}],"inLanguage":"en-GB"},{"@type":"Organization","@id":"https:\/\/buyexpress.eu\/#organization","name":"BUYEXPRESS s.r.o.","url":"https:\/\/buyexpress.eu\/","logo":{"@type":"ImageObject","inLanguage":"en-GB","@id":"https:\/\/buyexpress.eu\/#\/schema\/logo\/image\/","url":"https:\/\/buyexpress.eu\/wp-content\/uploads\/2015\/12\/logo_buy.png","contentUrl":"https:\/\/buyexpress.eu\/wp-content\/uploads\/2015\/12\/logo_buy.png","width":662,"height":173,"caption":"BUYEXPRESS s.r.o."},"image":{"@id":"https:\/\/buyexpress.eu\/#\/schema\/logo\/image\/"}}]}},"_links":{"self":[{"href":"https:\/\/buyexpress.eu\/index.php\/wp-json\/wp\/v2\/pages\/612","targetHints":{"allow":["GET"]}}],"collection":[{"href":"https:\/\/buyexpress.eu\/index.php\/wp-json\/wp\/v2\/pages"}],"about":[{"href":"https:\/\/buyexpress.eu\/index.php\/wp-json\/wp\/v2\/types\/page"}],"author":[{"embeddable":true,"href":"https:\/\/buyexpress.eu\/index.php\/wp-json\/wp\/v2\/users\/1"}],"replies":[{"embeddable":true,"href":"https:\/\/buyexpress.eu\/index.php\/wp-json\/wp\/v2\/comments?post=612"}],"version-history":[{"count":5,"href":"https:\/\/buyexpress.eu\/index.php\/wp-json\/wp\/v2\/pages\/612\/revisions"}],"predecessor-version":[{"id":3893,"href":"https:\/\/buyexpress.eu\/index.php\/wp-json\/wp\/v2\/pages\/612\/revisions\/3893"}],"wp:attachment":[{"href":"https:\/\/buyexpress.eu\/index.php\/wp-json\/wp\/v2\/media?parent=612"}],"curies":[{"name":"wp","href":"https:\/\/api.w.org\/{rel}","templated":true}]}}